mmon divisor of a and 26?
13
Let z = -60 + 95. Let b be (-2 + 7/((-140)/(-565)))*4. What is the greatest common factor of z and b?
35
Let q be (2/1 - 3)*(-7 + 6). Calculate the greatest common factor of 30 and q.
1
Let i(n) = 2*n**2 - 23*n - 211. Let w be i(-7). Calculate the greatest common factor of 57 and w.
3
Let m(t) = -19*t**3 - 6*t**2 - 17*t - 30. Let c be m(-3). What is the highest common divisor of c and 60?
60
Suppose 510 = h + 498. Calculate the greatest common factor of 84 and h.
12
Let g = -1094 + 1714. Calculate the highest common factor of 124 and g.
124
Let h(d) = d**3 - 20*d**2 - 6*d + 18. Let z be h(20). Let i = z + 112. Let q(o) = -o**2 + o + 30. Let n be q(0). What is the highest common factor of i and n?
10
Let x be 1*(4*2/4)/2. Let a(s) be the second derivative of 7*s**4/12 - s**3/3 + s**2/2 + 2*s. Let b be a(x). What is the greatest common divisor of 15 and b?
3
Let t = 67 + -65. Suppose -t*g + 4 = -18. Calculate the highest common factor of 22 and g.
11
Suppose 159*j = 47*j - 55*j + 1837. Suppose 0 = -0*t - 3*t + 99. What is the highest common factor of t and j?
11
Let y = 31 + -15. Calculate the greatest common divisor of 36 and y.
4
Suppose 3*h + 0 = -6, 5*g - 4 = -3*h. Suppose y + 2 = 0, 106 = 4*j - g*y - 3*y. Let s = j + -15. What is the highest common factor of s and 45?
9
Let f(t) = -t**3 + 46*t**2 + 3*t - 84. Let q be f(46). What is the highest common factor of 270 and q?
54
Let o = 151 - -4. Let b = o + -73. Calculate the highest common divisor of b and 205.
41
Suppose -d + 1 + 2 = 0. Suppose -a - 5*h = 27, 23 = d*a - 7*a - 3*h. Let k be 111/12 - a/(-8). What is the greatest common divisor of 27 and k?
9
Let s be -7 - 30/(-5) - -13*205. Calculate the highest common divisor of 8 and s.
8
Let x be ((-102)/8 + 3/12)*-2. What is the greatest common factor of 225 and x?
25
Suppose 0 = 4*h + 5*w - 1785, w + 451 = h - 2. Calculate the highest common factor of 36 and h.
18
Suppose i + 2*t = 0, -5*t = -3*i - 2 + 13. Suppose 0 = 6*b - i*b - 60. What is the highest common factor of 105 and b?
15
Let y be ((-12)/30)/((-63)/30 - -2). Suppose y*w - 174 = -50. What is the greatest common divisor of w and 341?
31
Let p = 25 + -34. Let c be (3/p)/((-6)/216). Suppose 0 = 9*v - c - 15. What is the highest common divisor of v and 9?
3
Let n be ((-16)/6)/(472/(-177)). Calculate the highest common divisor of n and 8.
1
Suppose -7*v - 144 = -10*v. What is the highest common factor of v and 56?
8
Suppose -8366*d = -8286*d - 4400. Let h(f) = f**3 + 4*f**2 + f + 3. Let o be h(-3). Suppose o = -4*g + 53. What is the greatest common factor of g and d?
11
Suppose -6*y = -4*y - 14. Let o be 21/(((-1)/15)/((-6)/(-10))). Let u = 196 + o. Calculate the greatest common divisor of y and u.
7
Suppose 2*z + 3*y = 4, 3*z + 4*y + 4 - 12 = 0. Let x(n) = 11*n + 78. Let u be x(-6). Calculate the highest common divisor of z and u.
4
Let i(n) = 5*n**2 - 4*n - 126. Let a be i(-14). What is the highest common factor of a and 70?
70
Let g be (2 - 4 - -30)*1. Suppose -14*n = -10*n - g. What is the greatest common divisor of n and 7?
7
Let q be ((-18)/(-36))/(1/220). Let v be (-3)/(-1)*40/12. What is the greatest common factor of v and q?
10
Let h(b) = 134*b - 20. Let f be h(6). Suppose 6*t = -t + f. What is the greatest common divisor of t and 14?
14
Let p(l) = 15*l**2 + 102*l - 16. Let y be p(-7). What is the highest common factor of y and 25?
5
Suppose 0 = 5*y - 4*y - 3, 0 = -5*h - 2*y + 321. Suppose 5*o + 2*m - 581 = 0, 2*m + h + 58 = o. What is the highest common divisor of o and 9?
9
Suppose 3*s = 75 - 15. Let m = -17521 - -17741. What is the highest common divisor of m and s?
20
Let v be (-93)/(-1) + 16 + -13. What is the highest common factor of 60 and v?
12
Let n be 31/11 + 0 - (-2)/11. Suppose -7*p = -4*p - 9. What is the greatest common factor of p and n?
3
Suppose 3*c + 13 + 8 = 0. Let n(v) = v**2 + 5*v - 7. Let r be n(c). Suppose 6*h + 54 = r*h. What is the highest common divisor of 6 and h?
6
Let b(t) = t**3 + 25*t**2 - 9*t - 21. Let l be b(-25). Calculate the greatest common divisor of 12 and l.
12
Let j be -2 + (33 - -1) - 4/(-1). What is the highest common divisor of j and 1224?
36
Let t be 1/(-2)*-3*(2 + 466). What is the greatest common divisor of 78 and t?
78
Let t = 14 + -10. Let o be -6 + t - (-2 - 3). Suppose 5*u - 3*y - 4 = 8, -5*u + 17 = 2*y. Calculate the greatest common divisor of o and u.
3
Suppose 68 = -2*l + 4*l. Let v = 60 - l. Let k be (-4)/2 - (1 + -42). What is the highest common divisor of k and v?
13
Suppose -14*o - 212 + 492 = 0. Calculate the greatest common divisor of 250 and o.
10
Let c(a) = -a + 4. Let k be c(4). Suppose 5*l + 27 - 272 = k. Let y be 9 + -2 + -7 - (-1 + -6). Calculate the greatest common divisor of l and y.
7
Let m = 191 - 187. What is the greatest common factor of 8 and m?
4
Suppose -5*i = -2*c + 366, 0 = -5*c + 17 - 2. Suppose -5*m + 45 = -10*m. Let s be (-42)/m*i/(-28). What is the highest common factor of s and 30?
6
Let h = -39 + 68. Calculate the highest common factor of h and 87.
29
Let j = 5 - -2. Suppose -j*p + 33 = -4*p. Calculate the highest common divisor of p and 11.
11
Let i = 4 - 4. Let h be (i/2)/(-6 - -7) - -3. Calculate the greatest common factor of 33 and h.
3
Suppose -u = z - 11, 3*u - z - 31 = -2*u. Suppose -u = 5*c + 3. Let y be (1/c)/(1/(-132)). What is the highest common divisor of 6 and y?
6
Let d be (-2)/(-2)*(-1 + 10). Let h = d - 9. Suppose -i = 3*u - 63, u + 4*u + 4*i - 98 = h. Calculate the greatest common factor of u and 198.
22
Let n be 19342/190 - (-2)/10. What is the highest common divisor of n and 34?
34
Let w be (3 + 1 - 3) + 0. Let l be 0/(-1) + 6 + w. Suppose -4*c - 60 = -l*c. What is the greatest common divisor of 100 and c?
20
Suppose 126 = 6*l - 6. What is the highest common divisor of 88 and l?
22
Suppose -5*s + 4*y = 1 - 79, -2*s + 2*y = -30. Calculate the highest common factor of 450 and s.
18
Suppose -4*z + 5*s = -174, -z = 2*s - 38 - 12. Let v = 96 - z. Suppose 4 = o - 6. Calculate the greatest common factor of o and v.
10
Let t be (1/2)/((-2)/(-132)). Let o = 11 - 19. Let v be 2 + o/(-1) + 2 + -1. What is the greatest common divisor of t and v?
11
Let f be (-130)/(-52)*12/10. Suppose -v - 16 = -j, f*v - 53 = -2*j - 2*v. What is the greatest common divisor of 19 and j?
19
Let k(f) = 2*f + 2. Let x(d) = -d**3 + 6*d**2 + 9*d - 5. Let v be x(7). Let m be k(v). Calculate the highest common factor of 5 and m.
5
Let p(b) = b + 1. Let c be p(7). Suppose 11*i - 66 = c*i. Suppose -o + 16 + 17 = 0. Calculate the highest common factor of i and o.
11
Let u = -17 - -27. Suppose u = 3*z + d, -5*z + 25 + 1 = -3*d. Suppose z = -2*n + 5*o - 8, 0 = -3*o + 12. What is the highest common factor of n and 36?
4
Suppose 20*r + 21 = 23*r. Let v = 8 + -5. Suppose 0 = g - 4*f - 49, v*f = 6*g - g - 245. What is the greatest common divisor of r and g?
7
Suppose -9*j = 7*j - 13056. Calculate the greatest common divisor of 48 and j.
48
Let i = 38 + -22. Let a(w) = -w**2 + 4*w - 1. Let d be a(-6). Let r = d - -237. Calculate the highest common divisor of i and r.
16
Let n be (2*(-1)/(-4))/((-8)/(-8496)). What is the highest common divisor of n and 18?
9
Suppose 0 = -3*f - m + 15, 0 = 4*f + 7*m - 3*m - 28. What is the highest common factor of f and 74?
2
Let f(g) = g**3 - 27*g**2 + 26*g + 13. Let i be f(26). What is the highest common factor of i and 533?
13
Suppose -11*r - 24 = -14*r - 3*y, -r = -5*y - 8. Suppose -r*m + 25 + 143 = 0. What is the greatest common factor of m and 147?
21
Let g be (3 - -7)/(0 - -2). Suppose -3*m = 2*m - u - 72, -g*u + 75 = 4*m. Calculate the highest common divisor of m and 6.
3
Let a(k) = 402*k**2 + 42*k + 43. Let i be a(-1). What is the highest common factor of i and 31?
31
Let b = -21 + 26. Suppose b*y = 13 + 37. Calculate the highest common divisor of y and 15.
5
Let w(j) = -17*j - 15. Let h be w(0). Let b be ((-1)/(-2))/(2/4). Let l be 5*(-3 + (b - h)). What is the highest common divisor of 26 and l?
13
Let n = 16 + -26. Let g(d) = -6*d - 44. Let v be g(n). What is the highest common divisor of 112 and v?
16
Let o be 126/35 + (-4)/(-10). Let u = -9 + 15. Suppose o*q = -3*g + 2*g + u, -4*g + 76 = 3*q. Calculate the greatest common factor of 110 and g.
